 3
-102110
Convert -1 (base 7) to base 9.
-1
What is 0 (base 11) in base 2?
0
What is 17 (base 11) in base 8?
22
Convert -2a (base 11) to base 3.
-1012
-46 (base 7) to base 9
-37
What is -8 (base 11) in base 5?
-13
100 (base 2) to base 12
4
8 (base 12) to base 10
8
-7 (base 13) to base 11
-7
-22 (base 7) to base 16
-10
What is 101 (base 3) in base 7?
13
What is 11 (base 3) in base 16?
4
Convert -10 (base 4) to base 11.
-4
What is -4 (base 13) in base 9?
-4
Convert 0 (base 4) to base 7.
0
-2 (base 8) to base 3
-2
-55 (base 16) to base 9
-104
What is 31 (base 13) in base 2?
101000
Convert -100101 (base 2) to base 9.
-41
-2 (base 5) to base 11
-2
What is 15 (base 16) in base 15?
16
What is 4b (base 13) in base 2?
111111
47 (base 15) to base 5
232
What is -1 (base 4) in base 10?
-1
What is -10121 (base 3) in base 7?
-166
Convert 5 (base 10) to base 5.
10
Convert 130 (base 5) to base 10.
40
2212 (base 3) to base 13
5c
What is -6 (base 12) in base 7?
-6
Convert 7 (base 12) to base 14.
7
What is 2 (base 11) in base 13?
2
What is 48 (base 9) in base 4?
230
What is 1 (base 16) in base 3?
1
What is 18 (base 13) in base 16?
15
What is -31 (base 4) in base 3?
-111
Convert 14 (base 6) to base 4.
22
Convert -11001 (base 2) to base 15.
-1a
-1d (base 15) to base 10
-28
Convert 1 (base 8) to base 3.
1
What is -24 (base 14) in base 7?
-44
Convert -2 (base 8) to base 3.
-2
Convert -1 (base 3) to base 12.
-1
-21 (base 3) to base 16
-7
Convert 1 (base 5) to base 12.
1
Convert -20112 (base 3) to base 15.
-bb
-33 (base 9) to base 7
-42
What is -50 (base 8) in base 9?
-44
-3b (base 12) to base 6
-115
Convert -15b (base 12) to base 7.
-425
Convert 102 (base 3) to base 11.
10
Convert -116 (base 8) to base 13.
-60
3d (base 14) to base 5
210
What is 3a (base 15) in base 8?
67
Convert -10110 (base 2) to base 6.
-34
Convert 123 (base 14) to base 7.
443
Convert 2 (base 15) to base 16.
2
Convert 210 (base 5) to base 3.
2001
Convert 1 (base 16) to base 9.
1
1 (base 16) to base 15
1
-2 (base 8) to base 9
-2
Convert 2 (base 14) to base 11.
2
1 (base 7) to base 9
1
What is 104 (base 6) in base 3?
1111
Convert -e (base 16) to base 12.
-12
Convert 11 (base 15) to base 16.
10
Convert -3 (base 6) to base 5.
-3
-4 (base 5) to base 6
-4
Convert 21 (base 6) to base 11.
12
What is 3 (base 14) in base 2?
11
Convert -131 (base 8) to base 13.
-6b
2 (base 13) to base 8
2
What is -211 (base 5) in base 12?
-48
101 (base 3) to base 15
a
-1 (base 7) to base 10
-1
What is 2 (base 10) in base 2?
10
Convert 0 (base 11) to base 6.
0
Convert 22 (base 3) to base 2.
1000
22 (base 7) to base 15
11
Convert -70 (base 9) to base 16.
-3f
112 (base 4) to base 14
18
-34 (base 10) to base 3
-1021
Convert 0 (base 12) to base 15.
0
What is 35 (base 10) in base 3?
1022
3 (base 4) to base 12
3
-9 (base 15) to base 14
-9
What is -3 (base 8) in base 3?
-10
Convert 32 (base 16) to base 11.
46
121 (base 3) to base 10
16
What is 10 (base 12) in base 2?
1100
What is -32 (base 11) in base 9?
-38
-124 (base 5) to base 14
-2b
Convert 52 (base 11) to base 5.
212
What is 244 (base 8) in base 15?
ae
-3 (base 4) to base 3
-10
-2 (base 10) to base 6
-2
7 (base 14) to base 15
7
Convert -242 (base 7) to base 14.
-92
-19 (base 13) to base 16
-16
What is -41 (base 14) in base 15?
-3c
Convert -110 (base 2) to base 9.
-6
42 (base 12) to base 7
101
What is 7 (base 14) in base 13?
7
-21 (base 3) to base 6
-11
Convert -1010010 (base 2) to base 11.
-75
Convert 4 (base 10) to base 3.
11
-3 (base 7) to base 14
-3
What is 4 (base 9) in base 14?
4
Convert 0 (base 6) to base 9.
0
Convert 2 (base 10) to base 11.
2
What is 11011 (base 3) in base 13?
88
Convert 2 (base 12) to base 15.
2
What is -16 (base 15) in base 5?
-41
1a (base 11) to base 6
33
What is -101 (base 2) in base 5?
-10
-9 (base 14) to base 15
-9
-4c (base 14) to base 11
-62
Convert -22 (base 4) to base 5.
-20
What is -198 (base 10) in base 2?
-11000110
Convert d (base 16) to base 4.
31
-25 (base 8) to base 4
-111
7 (base 9) to base 15
7
What is 22 (base 3) in base 7?
11
Convert 0 (base 15) to base 8.
0
What is -30 (base 7) in base 8?
-25
Convert 5 (base 6) to base 2.
101
-88 (base 11) to base 16
-60
What is -1aa (base 11) in base 13?
-157
10 (base 3) to base 15
3
Convert 4 (base 8) to base 3.
11
What is -50 (base 9) in base 5?
-140
31 (base 4) to base 3
111
0 (base 9) to base 11
0
20 (base 10) to base 14
16
What is 57 (base 15) in base 4?
1102
-20 (base 7) to base 15
-e
-2 (base 5) to base 6
-2
What is 24 (base 15) in base 11?
31
Convert -8 (base 16) to base 10.
-8
2 (base 10) to base 15
2
Convert -1 (base 8) to base 3.
-1
Convert 1 (base 7) to base 14.
1
What is 6 (base 11) in base 4?
12
What is 11 (base 7) in base 11?
8
Convert 10000 (base 2) to base 4.
100
-10011 (base 2) to base 9
-21
Convert -3 (base 8) to base 11.
-3
4 (base 12) to base 11
4
Convert 2 (base 16) to base 15.
2
Convert 1 (base 10) to base 8.
1
What is 10 (base 3) in base 15?
3
What is -4 (base 10) in base 13?
-4
-101 (base 15) to base 16
-e2
Convert -14 (base 6) to base 10.
-10
Convert -39 (base 14) to base 10.
-51
What is -5 (base 15) in base 10?
-5
3 (base 10) to base 14
3
-4 (base 8) to base 14
-4
What is -6 (base 7) in base 11?
-6
Convert -3 (base 8) to base 7.
-3
11 (base 4) to base 16
5
What is -13 (base 4) in base 8?
-7
What is 6 (base 16) in base 6?
10
-1211 (base 4) to base 14
-73
Convert 212 (base 8) to base 11.
116
Convert -12 (base 5) to base 13.
-7
22 (base 8) to base 14
14
Convert 26 (base 9) to base 8.
30
Convert 11 (base 4) to base 14.
5
What is -25 (base 6) in base 13?
-14
What is 1 (base 5) in base 13?
1
Convert 52 (base 7) to base 3.
1101
-29 (base 12) to base 9
-36
1010101 (base 2) to base 16
55
-133 (base 5) to base 4
-223
1 (base 5) to base 15
1
Convert -121 (base 8) to base 2.
-1010001
What is 1a (base 14) in base 15?
19
What is 5 (base 16) in base 10?
5
Convert -2 (base 13) to base 4.
-2
Convert 20 (base 6) to base 4.
30
-10100111 (base 2) to base 11
-142
100 (base 3) to base 12
9
Convert -1203 (base 4) to base 16.
-63
Convert -6 (base 15) to base 3.
-20
-226 (base 9) to base 7
-354
1 (base 16) to base 14
1
What is 12 (base 12) in base 9?
15
Convert -2 (base 3) to base 16.
-2
-10000 (base 2) to base 15
-11
-3042 (base 5) to base 6
-1501
2 (base 4) to base 7
2
Convert -101 (base 3) to base 6.
-14
-31 (base 10) to base 12
-27
1 (base 11) to base 13
1
What is -2 (base 14) in base 5?
-2
Convert -40 (base 10) to base 11.
-37
Convert 21 (base 3) to base 14.
7
-19 (base 15) to base 6
-40
Convert -56 (base 7) to base 11.
-38
Convert -bd (base 14) to base 7.
-326
What is 3 (base 13) in base 16?
3
Convert 43 (base 7) to base 10.
31
-92 (base 12) to base 8
-156
7 (base 8) to base 12
7
Convert 1032 (base 6) to base 5.
1421
Convert -18 (base 15) to base 13.
-1a
Convert -101011 (base 2) to base 6.
-111
Convert -1 (base 6) to base 3.
-1
What is -5 (base 13) in base 8?
-5
3 (base 15) to base 5
3
12 (base 6) to base 12
8
What is -4 (base 5) in base 9?
-4
What is 20 (base 7) in base 16?
e
Convert -1 (base 16) to base 11.
-1
-14 (base 12) to base 13
-13
What is -5 (base 16) in base 2?
-101
What is -95 (base 10) in base 11?
-87
Convert 1b (base 12) to base 14.
19
Convert 55 (base 6) to base 3.
1022
Convert -1110 (base 3) to base 12.
-33
5d (base 16) to base 7
162
7 (base 10) to base 8
7
Convert -6 (base 16) to base 15.
-6
Convert -256 (base 10) to base 11.
-213
Convert 0 (base 11) to base 9.
0
Convert -10 (base 12) to base 3.
-110
Convert -1 (base 14) to base 5.
-1
Convert -da (base 16) to base 10.
-218
0 (base 3) to base 16
0
What is -3 (base 16) in base 2?
-11
71 (base 13) to base 16
5c
0 (base 13) to base 15
0
What is -3 (base 9) in base 10?
-3
18 (base 12) to base 11
19
Convert 4 (base 8) to base 12.
4
10 (base 6) to base 3
20
What is -2 (base 16) in base 4?
-2
What is 11 (base 6) in base 7?
10
Convert -1 (base 14) to base 11.
-1
Convert -10b (base 14) to base 4.
-3033
Convert 3123 (base 4) to base 2.
11011011
What is 2 (base 11) in base 6?
2
What is 3 (base 4) in base 14?
3
Convert 28 (base 10) to base 7.
40
What is -7 (base 11) in base 5?
-12
What is 11 (base 4) in base 16?
5
-317 (base 10) to base 13
-1b5
Convert 13 (base 5) to base 2.
1000
Convert c5 (base 15) to base 12.
135
What is -5 (base